{"id":491,"date":"2018-09-24T15:51:03","date_gmt":"2018-09-24T15:51:03","guid":{"rendered":"http:\/\/dioc.pl\/?page_id=491"},"modified":"2018-09-24T15:51:03","modified_gmt":"2018-09-24T15:51:03","slug":"kontakt","status":"publish","type":"page","link":"https:\/\/dioc.pl\/?page_id=491&lang=sk","title":{"rendered":"Kontakt"},"content":{"rendered":"<p><img loading=\"lazy\" decoding=\"async\" class=\"aligncenter wp-image-252\" src=\"https:\/\/dioc.pl\/wp-content\/uploads\/2018\/09\/logotypy_na_www-1024x147.png\" alt=\"\" width=\"650\" height=\"93\" srcset=\"https:\/\/dioc.pl\/wp-content\/uploads\/2018\/09\/logotypy_na_www-1024x147.png 1024w, https:\/\/dioc.pl\/wp-content\/uploads\/2018\/09\/logotypy_na_www-300x43.png 300w, https:\/\/dioc.pl\/wp-content\/uploads\/2018\/09\/logotypy_na_www-768x110.png 768w, https:\/\/dioc.pl\/wp-content\/uploads\/2018\/09\/logotypy_na_www.png 1495w\" sizes=\"auto, (max-width: 650px) 100vw, 650px\" \/><center><\/p>\n<table style=\"width: 620px;\">\n<tbody>\n<tr>\n<td width=\"619px\">\n<div class=\"wpcf7 no-js\" id=\"wpcf7-f501-o1\" lang=\"en-US\" dir=\"ltr\" data-wpcf7-id=\"501\">\n<div class=\"screen-reader-response\"><p role=\"status\" aria-live=\"polite\" aria-atomic=\"true\"><\/p> <ul><\/ul><\/div>\n<form action=\"\/index.php?rest_route=%2Fwp%2Fv2%2Fpages%2F491#wpcf7-f501-o1\" method=\"post\" class=\"wpcf7-form init\" aria-label=\"Contact form\" novalidate=\"novalidate\" data-status=\"init\">\n<fieldset class=\"hidden-fields-container\"><input type=\"hidden\" name=\"_wpcf7\" value=\"501\" \/><input type=\"hidden\" name=\"_wpcf7_version\" value=\"6.1.5\" \/><input type=\"hidden\" name=\"_wpcf7_locale\" value=\"en_US\" \/><input type=\"hidden\" name=\"_wpcf7_unit_tag\" value=\"wpcf7-f501-o1\" \/><input type=\"hidden\" name=\"_wpcf7_container_post\" value=\"0\" \/><input type=\"hidden\" name=\"_wpcf7_posted_data_hash\" value=\"\" \/><input type=\"hidden\" name=\"_wpcf7_recaptcha_response\" value=\"\" \/>\n<\/fieldset>\n<p><label> Meno a priezvisko (povinn\u00e9)<br \/>\n<span class=\"wpcf7-form-control-wrap\" data-name=\"your-name\"><input size=\"40\" maxlength=\"400\" class=\"wpcf7-form-control wpcf7-text wpcf7-validates-as-required\" aria-required=\"true\" aria-invalid=\"false\" value=\"\" type=\"text\" name=\"your-name\" \/><\/span> <\/label>\n<\/p>\n<p><label> Email (povinn\u00e9)<br \/>\n<span class=\"wpcf7-form-control-wrap\" data-name=\"your-email\"><input size=\"40\" maxlength=\"400\" class=\"wpcf7-form-control wpcf7-email wpcf7-validates-as-required wpcf7-text wpcf7-validates-as-email\" aria-required=\"true\" aria-invalid=\"false\" value=\"\" type=\"email\" name=\"your-email\" \/><\/span> <\/label>\n<\/p>\n<p><label> T\u00e9ma<br \/>\n<span class=\"wpcf7-form-control-wrap\" data-name=\"your-subject\"><input size=\"40\" maxlength=\"400\" class=\"wpcf7-form-control wpcf7-text\" aria-invalid=\"false\" value=\"\" type=\"text\" name=\"your-subject\" \/><\/span> <\/label>\n<\/p>\n<p><label> Spr\u00e1va<br \/>\n<span class=\"wpcf7-form-control-wrap\" data-name=\"your-message\"><textarea cols=\"40\" rows=\"10\" maxlength=\"2000\" class=\"wpcf7-form-control wpcf7-textarea\" aria-invalid=\"false\" name=\"your-message\"><\/textarea><\/span> <\/label>\n<\/p>\n<p><span class=\"wpcf7-form-control-wrap\" data-name=\"quiz-601\"><label><span class=\"wpcf7-quiz-label\">1+2<\/span> <input size=\"40\" class=\"wpcf7-form-control wpcf7-quiz\" autocomplete=\"off\" aria-required=\"true\" aria-invalid=\"false\" type=\"text\" name=\"quiz-601\" \/><\/label><input type=\"hidden\" name=\"_wpcf7_quiz_answer_quiz-601\" value=\"52dedc9b463b66ec19f4b776b1b0ae29\" \/><\/span>\n<\/p>\n<p><input class=\"wpcf7-form-control wpcf7-submit has-spinner\" type=\"submit\" value=\"Odosla\u0165\" \/>\n<\/p><div class=\"wpcf7-response-output\" aria-hidden=\"true\"><\/div>\n<\/form>\n<\/div>\n<\/td>\n<td width=\"1px\"><\/td>\n<\/tr>\n<tr>\n<td width=\"619px\">\n<div class=\"textwidget\">\nS\u00fahlas\u00edm so spracovan\u00edm mojich osobn\u00fdch \u00fadajov v s\u00favislosti s odoslan\u00edm \u017eiadosti prostredn\u00edctvom kontaktn\u00e9ho formul\u00e1ra. Poskytovanie osobn\u00fdch \u00fadajov je dobrovo\u013en\u00e9. Bol som informovan\u00fd o tom, \u017ee m\u00e1m pr\u00e1vo na pr\u00edstup k mojim \u00fadajom, mo\u017enos\u0165 opravi\u0165 ho, \u017eiada\u0165 o preru\u0161enie jeho spracovania. Spr\u00e1vcom \u00fadajov je Nad\u00e1cia Kult\u00farne Cesty so s\u00eddlom na ul. Benedykty\u0144ska 5, 37-500 Jaros\u0142aw.\n<\/div>\n<\/td>\n<td width=\"1px\"><\/td>\n<\/tr>\n<\/tbody>\n<\/table>\n<p><\/center><\/p>\n","protected":false},"excerpt":{"rendered":"<p>S\u00fahlas\u00edm so spracovan\u00edm mojich osobn\u00fdch \u00fadajov v s\u00favislosti s odoslan\u00edm \u017eiadosti prostredn\u00edctvom kontaktn\u00e9ho formul\u00e1ra. Poskytovanie osobn\u00fdch \u00fadajov je dobrovo\u013en\u00e9. Bol som informovan\u00fd o tom, \u017ee m\u00e1m pr\u00e1vo na pr\u00edstup k mojim \u00fadajom, mo\u017enos\u0165 opravi\u0165 ho, \u017eiada\u0165 o preru\u0161enie jeho spracovania. Spr\u00e1vcom \u00fadajov je Nad\u00e1cia Kult\u00farne Cesty so s\u00eddlom na ul. Benedykty\u0144ska 5, 37-500 Jaros\u0142aw.<\/p>\n","protected":false},"author":1,"featured_media":0,"parent":0,"menu_order":0,"comment_status":"closed","ping_status":"closed","template":"","meta":{"_monsterinsights_skip_tracking":false,"_monsterinsights_sitenote_active":false,"_monsterinsights_sitenote_note":"","_monsterinsights_sitenote_category":0,"footnotes":""},"class_list":["post-491","page","type-page","status-publish","hentry"],"aioseo_notices":[],"_links":{"self":[{"href":"https:\/\/dioc.pl\/index.php?rest_route=\/wp\/v2\/pages\/491","targetHints":{"allow":["GET"]}}],"collection":[{"href":"https:\/\/dioc.pl\/index.php?rest_route=\/wp\/v2\/pages"}],"about":[{"href":"https:\/\/dioc.pl\/index.php?rest_route=\/wp\/v2\/types\/page"}],"author":[{"embeddable":true,"href":"https:\/\/dioc.pl\/index.php?rest_route=\/wp\/v2\/users\/1"}],"replies":[{"embeddable":true,"href":"https:\/\/dioc.pl\/index.php?rest_route=%2Fwp%2Fv2%2Fcomments&post=491"}],"version-history":[{"count":2,"href":"https:\/\/dioc.pl\/index.php?rest_route=\/wp\/v2\/pages\/491\/revisions"}],"predecessor-version":[{"id":502,"href":"https:\/\/dioc.pl\/index.php?rest_route=\/wp\/v2\/pages\/491\/revisions\/502"}],"wp:attachment":[{"href":"https:\/\/dioc.pl\/index.php?rest_route=%2Fwp%2Fv2%2Fmedia&parent=491"}],"curies":[{"name":"wp","href":"https:\/\/api.w.org\/{rel}","templated":true}]}}