{"id":470,"date":"2018-09-24T15:51:03","date_gmt":"2018-09-24T15:51:03","guid":{"rendered":"http:\/\/dioc.pl\/?page_id=470"},"modified":"2018-09-24T15:51:03","modified_gmt":"2018-09-24T15:51:03","slug":"o-projekte","status":"publish","type":"page","link":"https:\/\/dioc.pl\/?page_id=470&lang=sk","title":{"rendered":"O projekte"},"content":{"rendered":"<table>\n<tbody>\n<tr>\n<td width=\"350px\"><img loading=\"lazy\" decoding=\"async\" class=\"alignleft wp-image-253 size-large\" src=\"https:\/\/dioc.pl\/wp-content\/uploads\/2018\/09\/www_filary-1024x1009.png\" alt=\"\" width=\"525\" height=\"517\" srcset=\"https:\/\/dioc.pl\/wp-content\/uploads\/2018\/09\/www_filary-1024x1009.png 1024w, https:\/\/dioc.pl\/wp-content\/uploads\/2018\/09\/www_filary-300x296.png 300w, https:\/\/dioc.pl\/wp-content\/uploads\/2018\/09\/www_filary-768x757.png 768w, https:\/\/dioc.pl\/wp-content\/uploads\/2018\/09\/www_filary.png 1122w\" sizes=\"auto, (max-width: 525px) 100vw, 525px\" \/><\/td>\n<td><img loading=\"lazy\" decoding=\"async\" class=\"aligncenter wp-image-252 size-full\" src=\"https:\/\/dioc.pl\/wp-content\/uploads\/2018\/09\/logotypy_na_www.png\" alt=\"\" width=\"1495\" height=\"214\" srcset=\"https:\/\/dioc.pl\/wp-content\/uploads\/2018\/09\/logotypy_na_www.png 1495w, https:\/\/dioc.pl\/wp-content\/uploads\/2018\/09\/logotypy_na_www-300x43.png 300w, https:\/\/dioc.pl\/wp-content\/uploads\/2018\/09\/logotypy_na_www-768x110.png 768w, https:\/\/dioc.pl\/wp-content\/uploads\/2018\/09\/logotypy_na_www-1024x147.png 1024w\" sizes=\"auto, (max-width: 767px) 89vw, (max-width: 1000px) 54vw, (max-width: 1071px) 543px, 580px\" \/>Koncepcia Cesty Integr\u00e1lnej Obnovy \u010cloveka Via Reginae je zalo\u017een\u00e1 na psychologickom cvi\u010den\u00ed &#8222;kolesa \u017eivota&#8221;, na z\u00e1klade ktor\u00e9ho bolo identifikovan\u00fdch 7 pilierov t\u00fdkaj\u00facich sa 7 oblast\u00ed \u013eudsk\u00e9ho \u017eivota.<br \/>\nV r\u00e1mci projektu bud\u00fa odborn\u00edci zodpovedn\u00ed za psychoeduka\u010dn\u00fa podporu duchovnej a psychologickej regener\u00e1cie, evokuj\u00fac dlhotrvaj\u00face pozit\u00edvne em\u00f3cie a medzi\u013eudsk\u00e9 vz\u0165ahy, vyu\u017e\u00edvaj\u00fac bohatstvo pr\u00edrody a vesm\u00edru ako stimula\u010dn\u00fd prvok pre h\u013eadanie seba, pr\u00edrodn\u00fdch atrakci\u00ed a kult\u00farneho dedi\u010dstva, ktor\u00e9 ved\u00fa k pre\u017e\u00edvaniu duchovnej a mystickej em\u00f3cie a dojmov.\n<\/td>\n<\/tr>\n<\/tbody>\n<\/table>\n<div id='gallery-1' class='gallery galleryid-470 gallery-columns-2 gallery-size-full'><figure class='gallery-item'>\n\t\t\t<div class='gallery-icon landscape'>\n\t\t\t\t<img loading=\"lazy\" decoding=\"async\" width=\"538\" height=\"346\" src=\"https:\/\/dioc.pl\/wp-content\/uploads\/2018\/09\/www_zd2-1.png\" class=\"attachment-full size-full\" alt=\"\" aria-describedby=\"gallery-1-505\" srcset=\"https:\/\/dioc.pl\/wp-content\/uploads\/2018\/09\/www_zd2-1.png 538w, https:\/\/dioc.pl\/wp-content\/uploads\/2018\/09\/www_zd2-1-300x193.png 300w\" sizes=\"auto, 100vw\" \/>\n\t\t\t<\/div>\n\t\t\t\t<figcaption class='wp-caption-text gallery-caption' id='gallery-1-505'>\n\t\t\t\tJaroslawske Opactvo\n\t\t\t\t<\/figcaption><\/figure><figure class='gallery-item'>\n\t\t\t<div class='gallery-icon landscape'>\n\t\t\t\t<img loading=\"lazy\" decoding=\"async\" width=\"538\" height=\"346\" src=\"https:\/\/dioc.pl\/wp-content\/uploads\/2018\/09\/www_zd6-1.png\" class=\"attachment-full size-full\" alt=\"\" aria-describedby=\"gallery-1-509\" srcset=\"https:\/\/dioc.pl\/wp-content\/uploads\/2018\/09\/www_zd6-1.png 538w, https:\/\/dioc.pl\/wp-content\/uploads\/2018\/09\/www_zd6-1-300x193.png 300w\" sizes=\"auto, 100vw\" \/>\n\t\t\t<\/div>\n\t\t\t\t<figcaption class='wp-caption-text gallery-caption' id='gallery-1-509'>\n\t\t\t\tSvidn\u00edcky gr\u00e9ckokatol\u00edcky chr\u00e1m sv Paraskievy\n\t\t\t\t<\/figcaption><\/figure><figure class='gallery-item'>\n\t\t\t<div class='gallery-icon landscape'>\n\t\t\t\t<img loading=\"lazy\" decoding=\"async\" width=\"538\" height=\"346\" src=\"https:\/\/dioc.pl\/wp-content\/uploads\/2018\/09\/www_zd1-1.png\" class=\"attachment-full size-full\" alt=\"\" aria-describedby=\"gallery-1-504\" srcset=\"https:\/\/dioc.pl\/wp-content\/uploads\/2018\/09\/www_zd1-1.png 538w, https:\/\/dioc.pl\/wp-content\/uploads\/2018\/09\/www_zd1-1-300x193.png 300w\" sizes=\"auto, 100vw\" \/>\n\t\t\t<\/div>\n\t\t\t\t<figcaption class='wp-caption-text gallery-caption' id='gallery-1-504'>\n\t\t\t\tJaroslawska Kolegiata\n\t\t\t\t<\/figcaption><\/figure><figure class='gallery-item'>\n\t\t\t<div class='gallery-icon landscape'>\n\t\t\t\t<img loading=\"lazy\" decoding=\"async\" width=\"538\" height=\"346\" src=\"https:\/\/dioc.pl\/wp-content\/uploads\/2018\/09\/www_zd7-1.png\" class=\"attachment-full size-full\" alt=\"\" aria-describedby=\"gallery-1-510\" srcset=\"https:\/\/dioc.pl\/wp-content\/uploads\/2018\/09\/www_zd7-1.png 538w, https:\/\/dioc.pl\/wp-content\/uploads\/2018\/09\/www_zd7-1-300x193.png 300w\" sizes=\"auto, 100vw\" \/>\n\t\t\t<\/div>\n\t\t\t\t<figcaption class='wp-caption-text gallery-caption' id='gallery-1-510'>\n\t\t\t\tSvidn\u00edcky pravosl\u00e1vny chr\u00e1m Sv\u00e4tej trojice\n\t\t\t\t<\/figcaption><\/figure><figure class='gallery-item'>\n\t\t\t<div class='gallery-icon landscape'>\n\t\t\t\t<img loading=\"lazy\" decoding=\"async\" width=\"538\" height=\"346\" src=\"https:\/\/dioc.pl\/wp-content\/uploads\/2018\/09\/www_zd5-1.png\" class=\"attachment-full size-full\" alt=\"\" aria-describedby=\"gallery-1-508\" srcset=\"https:\/\/dioc.pl\/wp-content\/uploads\/2018\/09\/www_zd5-1.png 538w, https:\/\/dioc.pl\/wp-content\/uploads\/2018\/09\/www_zd5-1-300x193.png 300w\" sizes=\"auto, 100vw\" \/>\n\t\t\t<\/div>\n\t\t\t\t<figcaption class='wp-caption-text gallery-caption' id='gallery-1-508'>\n\t\t\t\tJaroslawska Gr\u00e9ckokatol\u00edcka cirkev\n\t\t\t\t<\/figcaption><\/figure><figure class='gallery-item'>\n\t\t\t<div class='gallery-icon landscape'>\n\t\t\t\t<img loading=\"lazy\" decoding=\"async\" width=\"538\" height=\"346\" src=\"https:\/\/dioc.pl\/wp-content\/uploads\/2018\/09\/www_zd8-1.png\" class=\"attachment-full size-full\" alt=\"\" aria-describedby=\"gallery-1-511\" srcset=\"https:\/\/dioc.pl\/wp-content\/uploads\/2018\/09\/www_zd8-1.png 538w, https:\/\/dioc.pl\/wp-content\/uploads\/2018\/09\/www_zd8-1-300x193.png 300w\" sizes=\"auto, 100vw\" \/>\n\t\t\t<\/div>\n\t\t\t\t<figcaption class='wp-caption-text gallery-caption' id='gallery-1-511'>\n\t\t\t\tSvidn\u00edcky r\u00edmskokatol\u00edcky chr\u00e1m  Bo\u017eieho srdca Je\u017ei\u0161ovho\n\t\t\t\t<\/figcaption><\/figure><figure class='gallery-item'>\n\t\t\t<div class='gallery-icon landscape'>\n\t\t\t\t<img loading=\"lazy\" decoding=\"async\" width=\"538\" height=\"346\" src=\"https:\/\/dioc.pl\/wp-content\/uploads\/2018\/09\/www_zd3-1.png\" class=\"attachment-full size-full\" alt=\"\" aria-describedby=\"gallery-1-506\" srcset=\"https:\/\/dioc.pl\/wp-content\/uploads\/2018\/09\/www_zd3-1.png 538w, https:\/\/dioc.pl\/wp-content\/uploads\/2018\/09\/www_zd3-1-300x193.png 300w\" sizes=\"auto, 100vw\" \/>\n\t\t\t<\/div>\n\t\t\t\t<figcaption class='wp-caption-text gallery-caption' id='gallery-1-506'>\n\t\t\t\tJaroslawska Sv\u00e4ty\u0148a NMP Kr\u00e1\u013eovny Po\u013eskej\n\t\t\t\t<\/figcaption><\/figure><figure class='gallery-item'>\n\t\t\t<div class='gallery-icon landscape'>\n\t\t\t\t<img loading=\"lazy\" decoding=\"async\" width=\"538\" height=\"346\" src=\"https:\/\/dioc.pl\/wp-content\/uploads\/2018\/09\/www_zd9-1.png\" class=\"attachment-full size-full\" alt=\"\" aria-describedby=\"gallery-1-512\" srcset=\"https:\/\/dioc.pl\/wp-content\/uploads\/2018\/09\/www_zd9-1.png 538w, https:\/\/dioc.pl\/wp-content\/uploads\/2018\/09\/www_zd9-1-300x193.png 300w\" sizes=\"auto, 100vw\" \/>\n\t\t\t<\/div>\n\t\t\t\t<figcaption class='wp-caption-text gallery-caption' id='gallery-1-512'>\n\t\t\t\tSvidn\u00edcky gr\u00e9ckokatol\u00edcky chr\u00e1m Panny M\u00e1rie\n\t\t\t\t<\/figcaption><\/figure><figure class='gallery-item'>\n\t\t\t<div class='gallery-icon landscape'>\n\t\t\t\t<img loading=\"lazy\" decoding=\"async\" width=\"538\" height=\"346\" src=\"https:\/\/dioc.pl\/wp-content\/uploads\/2018\/09\/www_zd4-1.png\" class=\"attachment-full size-full\" alt=\"\" aria-describedby=\"gallery-1-507\" srcset=\"https:\/\/dioc.pl\/wp-content\/uploads\/2018\/09\/www_zd4-1.png 538w, https:\/\/dioc.pl\/wp-content\/uploads\/2018\/09\/www_zd4-1-300x193.png 300w\" sizes=\"auto, 100vw\" \/>\n\t\t\t<\/div>\n\t\t\t\t<figcaption class='wp-caption-text gallery-caption' id='gallery-1-507'>\n\t\t\t\tJaroslawske dominik\u00e1nske Sanktu\u00e1rium \n\t\t\t\t<\/figcaption><\/figure><figure class='gallery-item'>\n\t\t\t<div class='gallery-icon landscape'>\n\t\t\t\t<img loading=\"lazy\" decoding=\"async\" width=\"538\" height=\"346\" src=\"https:\/\/dioc.pl\/wp-content\/uploads\/2018\/09\/www_zd10-1.png\" class=\"attachment-full size-full\" alt=\"\" aria-describedby=\"gallery-1-513\" srcset=\"https:\/\/dioc.pl\/wp-content\/uploads\/2018\/09\/www_zd10-1.png 538w, https:\/\/dioc.pl\/wp-content\/uploads\/2018\/09\/www_zd10-1-300x193.png 300w\" sizes=\"auto, 100vw\" \/>\n\t\t\t<\/div>\n\t\t\t\t<figcaption class='wp-caption-text gallery-caption' id='gallery-1-513'>\n\t\t\t\tSvidn\u00edcky miner\u00e1lny prame\u0148\n\t\t\t\t<\/figcaption><\/figure>\n\t\t<\/div>\n\n","protected":false},"excerpt":{"rendered":"<p>Koncepcia Cesty Integr\u00e1lnej Obnovy \u010cloveka Via Reginae je zalo\u017een\u00e1 na psychologickom cvi\u010den\u00ed &#8222;kolesa \u017eivota&#8221;, na z\u00e1klade ktor\u00e9ho bolo identifikovan\u00fdch 7 pilierov t\u00fdkaj\u00facich sa 7 oblast\u00ed \u013eudsk\u00e9ho \u017eivota. V r\u00e1mci projektu bud\u00fa odborn\u00edci zodpovedn\u00ed za psychoeduka\u010dn\u00fa podporu duchovnej a psychologickej regener\u00e1cie, evokuj\u00fac dlhotrvaj\u00face pozit\u00edvne em\u00f3cie a medzi\u013eudsk\u00e9 vz\u0165ahy, vyu\u017e\u00edvaj\u00fac bohatstvo pr\u00edrody a vesm\u00edru ako stimula\u010dn\u00fd prvok &hellip; <\/p>\n<p class=\"link-more\"><a href=\"https:\/\/dioc.pl\/?page_id=470&#038;lang=sk\" class=\"more-link\">Czytaj dalej<span class=\"screen-reader-text\"> O projekte<\/span><\/a><\/p>\n","protected":false},"author":1,"featured_media":213,"parent":0,"menu_order":0,"comment_status":"closed","ping_status":"closed","template":"","meta":{"_monsterinsights_skip_tracking":false,"_monsterinsights_sitenote_active":false,"_monsterinsights_sitenote_note":"","_monsterinsights_sitenote_category":0,"footnotes":""},"class_list":["post-470","page","type-page","status-publish","has-post-thumbnail","hentry"],"aioseo_notices":[],"_links":{"self":[{"href":"https:\/\/dioc.pl\/index.php?rest_route=\/wp\/v2\/pages\/470","targetHints":{"allow":["GET"]}}],"collection":[{"href":"https:\/\/dioc.pl\/index.php?rest_route=\/wp\/v2\/pages"}],"about":[{"href":"https:\/\/dioc.pl\/index.php?rest_route=\/wp\/v2\/types\/page"}],"author":[{"embeddable":true,"href":"https:\/\/dioc.pl\/index.php?rest_route=\/wp\/v2\/users\/1"}],"replies":[{"embeddable":true,"href":"https:\/\/dioc.pl\/index.php?rest_route=%2Fwp%2Fv2%2Fcomments&post=470"}],"version-history":[{"count":3,"href":"https:\/\/dioc.pl\/index.php?rest_route=\/wp\/v2\/pages\/470\/revisions"}],"predecessor-version":[{"id":514,"href":"https:\/\/dioc.pl\/index.php?rest_route=\/wp\/v2\/pages\/470\/revisions\/514"}],"wp:featuredmedia":[{"embeddable":true,"href":"https:\/\/dioc.pl\/index.php?rest_route=\/wp\/v2\/media\/213"}],"wp:attachment":[{"href":"https:\/\/dioc.pl\/index.php?rest_route=%2Fwp%2Fv2%2Fmedia&parent=470"}],"curies":[{"name":"wp","href":"https:\/\/api.w.org\/{rel}","templated":true}]}}